{"id":675,"date":"2026-02-06T10:49:02","date_gmt":"2026-02-06T10:49:02","guid":{"rendered":"https:\/\/workintop.eu\/?page_id=675"},"modified":"2026-02-13T13:38:51","modified_gmt":"2026-02-13T13:38:51","slug":"mentions-legales","status":"publish","type":"page","link":"https:\/\/workintop.eu\/index.php\/mentions-legales\/","title":{"rendered":"Mentions l\u00e9gales"},"content":{"rendered":"\t\t<div data-elementor-type=\"wp-page\" data-elementor-id=\"675\" class=\"elementor elementor-675\" data-elementor-post-type=\"page\">\n\t\t\t\t<div class=\"elementor-element elementor-element-856ecdd e-flex e-con-boxed e-con e-parent\" data-id=\"856ecdd\" data-element_type=\"container\" data-e-type=\"container\">\n\t\t\t\t\t<div class=\"e-con-inner\">\n\t\t<div class=\"elementor-element elementor-element-63447d5 e-con-full ml e-flex e-con e-child\" data-id=\"63447d5\" data-element_type=\"container\" data-e-type=\"container\">\n\t\t\t\t<div class=\"elementor-element elementor-element-7f114b1 elementor-widget elementor-widget-heading\" data-id=\"7f114b1\" data-element_type=\"widget\" data-e-type=\"widget\" data-widget_type=\"heading.default\">\n\t\t\t\t\t<h2 class=\"elementor-heading-title elementor-size-default\">Mentions l\u00e9gales<\/h2>\t\t\t\t<\/div>\n\t\t\t\t<div class=\"elementor-element elementor-element-23f9e5e img-desktop elementor-widget elementor-widget-image\" data-id=\"23f9e5e\" data-element_type=\"widget\" data-e-type=\"widget\" data-widget_type=\"image.default\">\n\t\t\t\t\t\t\t\t\t\t\t\t\t\t\t<img decoding=\"async\" width=\"313\" height=\"10\" src=\"https:\/\/workintop.eu\/wp-content\/uploads\/2026\/02\/ML.png\" class=\"attachment-full size-full wp-image-992\" alt=\"\" srcset=\"https:\/\/workintop.eu\/wp-content\/uploads\/2026\/02\/ML.png 313w, https:\/\/workintop.eu\/wp-content\/uploads\/2026\/02\/ML-300x10.png 300w\" sizes=\"(max-width: 313px) 100vw, 313px\" \/>\t\t\t\t\t\t\t\t\t\t\t\t\t\t\t<\/div>\n\t\t\t\t<div class=\"elementor-element elementor-element-3271a6d img-mobile elementor-widget elementor-widget-image\" data-id=\"3271a6d\" data-element_type=\"widget\" data-e-type=\"widget\" data-widget_type=\"image.default\">\n\t\t\t\t\t\t\t\t\t\t\t\t\t\t\t<img decoding=\"async\" width=\"235\" height=\"8\" src=\"https:\/\/workintop.eu\/wp-content\/uploads\/2026\/02\/ML2.png\" class=\"attachment-large size-large wp-image-999\" alt=\"\" \/>\t\t\t\t\t\t\t\t\t\t\t\t\t\t\t<\/div>\n\t\t\t\t<div class=\"elementor-element elementor-element-9dab98c elementor-widget elementor-widget-text-editor\" data-id=\"9dab98c\" data-element_type=\"widget\" data-e-type=\"widget\" data-widget_type=\"text-editor.default\">\n\t\t\t\t\t\t\t\t\t<h2 style=\"font-variant-ligatures: normal; font-variant-caps: normal; font-family: 'Nunito Sans', sans-serif; font-size: 20px; font-style: normal; font-weight: 500; color: #000000;\" data-elementor-setting-key=\"title\" data-pen-placeholder=\"\u00c9crivez ici...\"><span style=\"font-size: 18px;\">Conform\u00e9ment \u00e0 l\u2019article 6 de la loi n\u00b0 2004-575 du 21 juin 2004 pour la confiance dans l\u2019\u00e9conomie num\u00e9rique, nous pr\u00e9cisons aux utilisateurs du site\u00a0<\/span><a style=\"font-size: 18px; color: inherit; text-decoration-line: underline; transition-property: all;\" href=\"https:\/\/workintop.fr\/\" target=\"_blank\" rel=\"noopener\" data-fpl-component=\"primitive\">workintop.fr<\/a><span style=\"font-size: 18px;\">\u00a0les informations suivantes :<\/span><\/h2><p><span style=\"font-size: 18px; font-weight: bold;\">\u00c9diteur du site :<\/span><span style=\"font-size: 18px;\">\u00a0WORK IN TOP<\/span><br \/><span style=\"font-size: 18px; font-weight: bold;\">Forme juridique \/ activit\u00e9 :<\/span><span style=\"font-size: 18px;\">\u00a0SARL au capital de 5000 \u20ac \u2013 Code APE 7022Z<\/span><br \/><span style=\"font-size: 18px; font-weight: bold;\">Num\u00e9ros d&rsquo;identification :<\/span><span style=\"font-size: 18px;\">\u00a0RCS Nantes B 901 975 946 \u2013 TVA FR39901975946 \u2013 SIRET 90197594600012<\/span><br \/><span style=\"font-size: 18px; font-weight: bold;\">Si\u00e8ge social :<\/span><span style=\"font-size: 18px;\">\u00a03 avenue du professeur Jean Rouxel \u2013 44470 Carquefou<\/span><br \/><span style=\"font-size: 18px; font-weight: bold;\">T\u00e9l :<\/span><span style=\"font-size: 18px;\">\u00a007 49 49 60 50<\/span><br \/><span style=\"font-size: 18px; font-weight: bold;\">Mail :<\/span><span style=\"font-size: 18px;\">\u00a0contact@workintop.fr<\/span><br \/><span style=\"font-size: 18px; font-weight: bold;\">Responsable de la publication :<\/span><span style=\"font-size: 18px;\">\u00a0Fr\u00e9d\u00e9rique Perrotton-Pourchasse<\/span><br \/><span style=\"font-size: 18px; font-weight: bold;\">H\u00e9bergeur :<\/span><span style=\"font-size: 18px;\">\u00a0OVH \u2013 SAS au capital de 10 069 020 \u20ac<\/span><br \/><span style=\"font-size: 18px; font-weight: bold;\">Si\u00e8ge social :<\/span><span style=\"font-size: 18px;\">\u00a02 rue Kellermann \u2013 59100 Roubaix \u2013 France<\/span><\/p><p><span style=\"font-size: 18px; font-weight: bold;\">Conditions g\u00e9n\u00e9rales d\u2019utilisation du site et des services propos\u00e9s :<\/span><\/p><p><span style=\"font-size: 18px;\">L\u2019utilisation du site www.workintop.fr implique l\u2019acceptation pleine et enti\u00e8re des conditions g\u00e9n\u00e9rales d\u2019utilisation d\u00e9crites dans la rubrique \u00ab conditions g\u00e9n\u00e9rales d\u2019utilisation du site \u00bb. Ces conditions d\u2019utilisation sont susceptibles d\u2019\u00eatre modifi\u00e9es ou compl\u00e9t\u00e9es \u00e0 tout moment. Les utilisateurs du site www.workintop.fr sont donc invit\u00e9s \u00e0 les consulter de mani\u00e8re r\u00e9guli\u00e8re. Toutes les informations indiqu\u00e9es sur le site www.workintop.fr sont donn\u00e9es \u00e0 titre indicatif et sont susceptibles d\u2019\u00e9voluer. Par ailleurs, les renseignements figurant sur le site www.workintop.fr ne sont pas exhaustifs. Ils sont donn\u00e9s sous r\u00e9serve de modifications ayant \u00e9t\u00e9 apport\u00e9es depuis leur mise en ligne.<\/span><\/p><p><span style=\"font-size: 18px; font-weight: bold;\">R\u00e8gles de confidentialit\u00e9s du site www.workintop.fr :<\/span><\/p><p><span style=\"font-size: 18px; font-weight: bold;\">Informations personnelles collect\u00e9es :<\/span><\/p><p><span style=\"font-size: 18px;\">En France, les donn\u00e9es personnelles sont notamment prot\u00e9g\u00e9es par la loi n\u00b0 78-87 du 6 janvier 1978, la loi n\u00b0 2004-801 du 6 ao\u00fbt 2004, l\u2019article L. 226-13 du Code P\u00e9nal et la Directive Europ\u00e9enne du 24 octobre 1995.<\/span><\/p><p><span style=\"font-size: 18px;\">A l\u2019occasion de l\u2019utilisation du site www.workintop.fr, et en particulier lors du remplissage de nos formulaires de contact et de demande de devis, sont recueillies les donn\u00e9es suivantes :<\/span><\/p><ul style=\"font-size: 20px;\" role=\"list\"><li style=\"font-size: 20px;\"><span style=\"font-size: 18px;\">la raison sociale (s\u2019il y a lieu),<\/span><\/li><li style=\"font-size: 20px;\"><span style=\"font-size: 18px;\">les noms et pr\u00e9noms,<\/span><\/li><li style=\"font-size: 20px;\"><span style=\"font-size: 18px;\">l\u2019adresse postale,<\/span><\/li><li style=\"font-size: 20px;\"><span style=\"font-size: 18px;\">le num\u00e9ro de t\u00e9l\u00e9phone,<\/span><\/li><li style=\"font-size: 20px;\"><span style=\"font-size: 18px;\">l\u2019adresse mail.<\/span><\/li><\/ul><p><span style=\"font-size: 18px;\">Il est pr\u00e9cis\u00e9 \u00e0 l\u2019utilisateur du site www.workintop.fr le caract\u00e8re obligatoire ou non des informations qu\u2019il serait amen\u00e9 \u00e0 fournir.<\/span><\/p><p><span style=\"font-size: 18px;\">Les informations personnelles collect\u00e9es par le biais du site www.workintop.fr sont r\u00e9serv\u00e9es exclusivement \u00e0 la soci\u00e9t\u00e9 Les Cl\u00e9s du Bureau et ce, dans le but de r\u00e9pondre aux services propos\u00e9s par le site.<\/span><\/p><p><span style=\"font-size: 18px;\">Au demeurant Les Cl\u00e9s du Bureau est autoris\u00e9(e) \u00e0 effectuer des \u00e9tudes et analyses statistiques sur l\u2019utilisation et la typologie des utilisateurs du site www.workintop.fr sous r\u00e9serve de confirmer l\u2019anonymat de ces derniers.<\/span><\/p><p><span style=\"font-size: 18px; font-weight: bold;\">Acc\u00e8s, rectification ou suppression des informations nominatives collect\u00e9es :<\/span><\/p><p><span style=\"font-size: 18px;\">Conform\u00e9ment aux dispositions de l\u2019article 34 de la loi n\u00b0 48-87 du 6 janvier 1978, modifi\u00e9 en 2004, dite loi \u00ab informatique et libert\u00e9s \u00bb, l\u2019utilisateur b\u00e9n\u00e9ficie d\u2019un droit d\u2019acc\u00e8s, de rectification ou de suppression des informations qui le concernent.<\/span><br \/><span style=\"font-size: 18px;\">Pour exercer ce droit, l\u2019utilisateur envoie \u00e0 WORK IN TOP :<\/span><\/p><ul style=\"font-size: 20px;\" role=\"list\"><li style=\"font-size: 20px;\"><span style=\"font-size: 18px;\">un courrier \u00e9lectronique \u00e0 l\u2019adresse \u00e0 contact@workintop.fr,<\/span><\/li><li style=\"font-size: 20px;\"><span style=\"font-size: 18px;\">un courrier \u00e0 l\u2019adresse SIEGE SOCIAL en indiquant son nom, pr\u00e9nom, adresse et mail.<\/span><\/li><\/ul><p><span style=\"font-size: 18px;\">La modification interviendra dans des d\u00e9lais raisonnables \u00e0 compter de la r\u00e9ception de la demande de l\u2019utilisateur.<\/span><\/p><p><span style=\"font-size: 18px; font-weight: bold;\">Droits d\u2019auteur :<\/span><\/p><p><span style=\"font-size: 18px;\">La totalit\u00e9 des \u00e9l\u00e9ments du site www.workintop.fr, notamment les textes, pr\u00e9sentations, illustrations, photographies, arborescences et mises en forme sont la propri\u00e9t\u00e9 intellectuelle exclusive de WORK IN TOP.<\/span><\/p><p><span style=\"font-size: 18px;\">A ce titre, leurs repr\u00e9sentations, reproductions, imbrications, diffusions et rediffusions, partielles ou totales, sont interdites conform\u00e9ment aux dispositions de l\u2019article L. 122-4 du Code de la propri\u00e9t\u00e9 intellectuelle. Toute personne y proc\u00e9dant sans pouvoir justifier d\u2019une autorisation pr\u00e9alable et expresse du d\u00e9tenteur de ces droits encourt les peines relatives au d\u00e9lit de contrefa\u00e7on pr\u00e9vues aux articles L. 335-2 et suivants du Code de la propri\u00e9t\u00e9 intellectuelle.<\/span><\/p><p><span style=\"font-size: 18px; font-weight: bold;\">Marques :<\/span><\/p><p><span style=\"font-size: 18px;\">Les marques et logos contenus sur le site www.workintop.fr sont d\u00e9pos\u00e9s par WORK IN TOP.<\/span><\/p><p><span style=\"font-size: 18px;\">A ce titre, toute personne proc\u00e9dant \u00e0 leurs repr\u00e9sentations, reproductions, imbrications, diffusions et rediffusions encourt les sanctions pr\u00e9vues aux articles L. 713-2 et suivants du Code de la propri\u00e9t\u00e9 intellectuelle.<\/span><\/p><p><span style=\"font-size: 18px; font-weight: bold;\">Date de la derni\u00e8re mise \u00e0 jour :<\/span><\/p><p><span style=\"font-size: 18px;\">La derni\u00e8re mise \u00e0 jour des mentions l\u00e9gales date du 29 d\u00e9cembre 2021.<\/span><\/p><p><span style=\"font-size: 18px; font-weight: bold;\">Droit \u00e0 l\u2019image :<\/span><\/p><p><span style=\"font-size: 18px;\">Toutes les images, photos et vid\u00e9os h\u00e9berg\u00e9es sur le site www.workintop.fr appartiennent \u00e0 WORK IN TOP.<\/span><br \/><span style=\"font-size: 18px;\">Les utilisateurs du www.workintop.fr autorisent WORK IN TOP \u00e0 utiliser leurs images, photos, vid\u00e9os \u00e0 des fins de promotion et de diffusion.<\/span><br \/><span style=\"font-size: 18px;\">Dans le cas contraire, ils devront demander l\u2019application du droit de retrait qui leur sera accord\u00e9 sans aucune exception.<\/span><\/p><p><span style=\"font-size: 18px; font-weight: bold;\">C<\/span><span style=\"font-size: 18px; font-weight: bold;\">REDITS :<\/span><\/p><p><span style=\"font-size: 18px; font-weight: bold;\">Cr\u00e9dits photo :<\/span><span style=\"font-size: 18px;\">\u00a0David Morales, Franck Pourchasse &amp; WorkInTop<\/span><br \/><span style=\"font-size: 18px; font-weight: bold;\">Cr\u00e9dits site :<\/span><span style=\"font-size: 18px;\">\u00a0Venance Dewatre, Faustine Pourchasse &amp; WorkInTop<\/span><\/p>\t\t\t\t\t\t\t\t<\/div>\n\t\t\t\t<\/div>\n\t\t\t\t<div class=\"elementor-element elementor-element-42ea847 elementor-absolute elementor-widget elementor-widget-image\" data-id=\"42ea847\" data-element_type=\"widget\" data-e-type=\"widget\" data-settings=\"{&quot;_position&quot;:&quot;absolute&quot;}\" data-widget_type=\"image.default\">\n\t\t\t\t\t\t\t\t\t\t\t\t\t\t\t<img fetchpriority=\"high\" decoding=\"async\" width=\"204\" height=\"266\" src=\"https:\/\/workintop.eu\/wp-content\/uploads\/2026\/02\/387075ee-ab31-4d92-9d05-d08a743ac5d6-10.png\" class=\"attachment-full size-full wp-image-379\" alt=\"\" \/>\t\t\t\t\t\t\t\t\t\t\t\t\t\t\t<\/div>\n\t\t\t\t<div class=\"elementor-element elementor-element-20898d3 elementor-absolute elementor-widget elementor-widget-image\" data-id=\"20898d3\" data-element_type=\"widget\" data-e-type=\"widget\" data-settings=\"{&quot;_position&quot;:&quot;absolute&quot;}\" data-widget_type=\"image.default\">\n\t\t\t\t\t\t\t\t\t\t\t\t\t\t\t<img loading=\"lazy\" decoding=\"async\" width=\"152\" height=\"274\" src=\"https:\/\/workintop.eu\/wp-content\/uploads\/2026\/02\/387075ee-ab31-4d92-9d05-d08a743ac5d6-10-1.png\" class=\"attachment-full size-full wp-image-1170\" alt=\"\" \/>\t\t\t\t\t\t\t\t\t\t\t\t\t\t\t<\/div>\n\t\t\t\t<div class=\"elementor-element elementor-element-b075c87 elementor-absolute elementor-widget elementor-widget-image\" data-id=\"b075c87\" data-element_type=\"widget\" data-e-type=\"widget\" data-settings=\"{&quot;_position&quot;:&quot;absolute&quot;}\" data-widget_type=\"image.default\">\n\t\t\t\t\t\t\t\t\t\t\t\t\t\t\t<img loading=\"lazy\" decoding=\"async\" width=\"251\" height=\"365\" src=\"https:\/\/workintop.eu\/wp-content\/uploads\/2026\/02\/387075ee-ab31-4d92-9d05-d08a743ac5d6-4.png\" class=\"attachment-full size-full wp-image-377\" alt=\"\" srcset=\"https:\/\/workintop.eu\/wp-content\/uploads\/2026\/02\/387075ee-ab31-4d92-9d05-d08a743ac5d6-4.png 251w, https:\/\/workintop.eu\/wp-content\/uploads\/2026\/02\/387075ee-ab31-4d92-9d05-d08a743ac5d6-4-206x300.png 206w\" sizes=\"(max-width: 251px) 100vw, 251px\" \/>\t\t\t\t\t\t\t\t\t\t\t\t\t\t\t<\/div>\n\t\t\t\t<div class=\"elementor-element elementor-element-a4ce431 elementor-absolute elementor-widget elementor-widget-image\" data-id=\"a4ce431\" data-element_type=\"widget\" data-e-type=\"widget\" data-settings=\"{&quot;_position&quot;:&quot;absolute&quot;}\" data-widget_type=\"image.default\">\n\t\t\t\t\t\t\t\t\t\t\t\t\t\t\t<img loading=\"lazy\" decoding=\"async\" width=\"246\" height=\"405\" src=\"https:\/\/workintop.eu\/wp-content\/uploads\/2026\/02\/387075ee-ab31-4d92-9d05-d08a743ac5d6-7.png\" class=\"attachment-full size-full wp-image-378\" alt=\"\" srcset=\"https:\/\/workintop.eu\/wp-content\/uploads\/2026\/02\/387075ee-ab31-4d92-9d05-d08a743ac5d6-7.png 246w, https:\/\/workintop.eu\/wp-content\/uploads\/2026\/02\/387075ee-ab31-4d92-9d05-d08a743ac5d6-7-182x300.png 182w\" sizes=\"(max-width: 246px) 100vw, 246px\" \/>\t\t\t\t\t\t\t\t\t\t\t\t\t\t\t<\/div>\n\t\t\t\t\t<\/div>\n\t\t\t\t<\/div>\n\t\t\t\t<\/div>\n\t\t","protected":false},"excerpt":{"rendered":"<p>Mentions l\u00e9gales Conform\u00e9ment \u00e0 l\u2019article 6 de la loi n\u00b0 2004-575 du 21 juin 2004 pour la confiance dans l\u2019\u00e9conomie num\u00e9rique, nous pr\u00e9cisons aux utilisateurs du site\u00a0workintop.fr\u00a0les informations suivantes : \u00c9diteur du site :\u00a0WORK IN TOPForme juridique \/ activit\u00e9 :\u00a0SARL au capital de 5000 \u20ac \u2013 Code APE 7022ZNum\u00e9ros d&rsquo;identification :\u00a0RCS Nantes B 901 975 [&hellip;]<\/p>\n","protected":false},"author":2,"featured_media":0,"parent":0,"menu_order":0,"comment_status":"closed","ping_status":"closed","template":"","meta":{"_acf_changed":false,"ocean_post_layout":"","ocean_both_sidebars_style":"","ocean_both_sidebars_content_width":0,"ocean_both_sidebars_sidebars_width":0,"ocean_sidebar":"","ocean_second_sidebar":"","ocean_disable_margins":"enable","ocean_add_body_class":"","ocean_shortcode_before_top_bar":"","ocean_shortcode_after_top_bar":"","ocean_shortcode_before_header":"","ocean_shortcode_after_header":"","ocean_has_shortcode":"","ocean_shortcode_after_title":"","ocean_shortcode_before_footer_widgets":"","ocean_shortcode_after_footer_widgets":"","ocean_shortcode_before_footer_bottom":"","ocean_shortcode_after_footer_bottom":"","ocean_display_top_bar":"default","ocean_display_header":"default","ocean_header_style":"","ocean_center_header_left_menu":"","ocean_custom_header_template":"","ocean_custom_logo":0,"ocean_custom_retina_logo":0,"ocean_custom_logo_max_width":0,"ocean_custom_logo_tablet_max_width":0,"ocean_custom_logo_mobile_max_width":0,"ocean_custom_logo_max_height":0,"ocean_custom_logo_tablet_max_height":0,"ocean_custom_logo_mobile_max_height":0,"ocean_header_custom_menu":"","ocean_menu_typo_font_family":"","ocean_menu_typo_font_subset":"","ocean_menu_typo_font_size":0,"ocean_menu_typo_font_size_tablet":0,"ocean_menu_typo_font_size_mobile":0,"ocean_menu_typo_font_size_unit":"px","ocean_menu_typo_font_weight":"","ocean_menu_typo_font_weight_tablet":"","ocean_menu_typo_font_weight_mobile":"","ocean_menu_typo_transform":"","ocean_menu_typo_transform_tablet":"","ocean_menu_typo_transform_mobile":"","ocean_menu_typo_line_height":0,"ocean_menu_typo_line_height_tablet":0,"ocean_menu_typo_line_height_mobile":0,"ocean_menu_typo_line_height_unit":"","ocean_menu_typo_spacing":0,"ocean_menu_typo_spacing_tablet":0,"ocean_menu_typo_spacing_mobile":0,"ocean_menu_typo_spacing_unit":"","ocean_menu_link_color":"","ocean_menu_link_color_hover":"","ocean_menu_link_color_active":"","ocean_menu_link_background":"","ocean_menu_link_hover_background":"","ocean_menu_link_active_background":"","ocean_menu_social_links_bg":"","ocean_menu_social_hover_links_bg":"","ocean_menu_social_links_color":"","ocean_menu_social_hover_links_color":"","ocean_disable_title":"on","ocean_disable_heading":"default","ocean_post_title":"","ocean_post_subheading":"","ocean_post_title_style":"","ocean_post_title_background_color":"","ocean_post_title_background":0,"ocean_post_title_bg_image_position":"","ocean_post_title_bg_image_attachment":"","ocean_post_title_bg_image_repeat":"","ocean_post_title_bg_image_size":"","ocean_post_title_height":0,"ocean_post_title_bg_overlay":0.5,"ocean_post_title_bg_overlay_color":"","ocean_disable_breadcrumbs":"off","ocean_breadcrumbs_color":"","ocean_breadcrumbs_separator_color":"","ocean_breadcrumbs_links_color":"","ocean_breadcrumbs_links_hover_color":"","ocean_display_footer_widgets":"default","ocean_display_footer_bottom":"default","ocean_custom_footer_template":"","footnotes":""},"class_list":["post-675","page","type-page","status-publish","hentry","entry"],"acf":[],"_links":{"self":[{"href":"https:\/\/workintop.eu\/index.php\/wp-json\/wp\/v2\/pages\/675","targetHints":{"allow":["GET"]}}],"collection":[{"href":"https:\/\/workintop.eu\/index.php\/wp-json\/wp\/v2\/pages"}],"about":[{"href":"https:\/\/workintop.eu\/index.php\/wp-json\/wp\/v2\/types\/page"}],"author":[{"embeddable":true,"href":"https:\/\/workintop.eu\/index.php\/wp-json\/wp\/v2\/users\/2"}],"replies":[{"embeddable":true,"href":"https:\/\/workintop.eu\/index.php\/wp-json\/wp\/v2\/comments?post=675"}],"version-history":[{"count":216,"href":"https:\/\/workintop.eu\/index.php\/wp-json\/wp\/v2\/pages\/675\/revisions"}],"predecessor-version":[{"id":2300,"href":"https:\/\/workintop.eu\/index.php\/wp-json\/wp\/v2\/pages\/675\/revisions\/2300"}],"wp:attachment":[{"href":"https:\/\/workintop.eu\/index.php\/wp-json\/wp\/v2\/media?parent=675"}],"curies":[{"name":"wp","href":"https:\/\/api.w.org\/{rel}","templated":true}]}}